{"id":506,"date":"2012-02-29T20:01:13","date_gmt":"2012-02-29T20:01:13","guid":{"rendered":"http:\/\/lenr-canr.org\/wordpress\/?page_id=506"},"modified":"2022-10-24T12:24:18","modified_gmt":"2022-10-24T16:24:18","slug":"books-new","status":"publish","type":"page","link":"https:\/\/lenr-canr.org\/wordpress\/?page_id=506","title":{"rendered":"Books"},"content":{"rendered":"<h3><a name=\"BeaudetteBook\"><\/a>Beaudette, C.G., <em>Excess Heat: Why Cold Fusion Research Prevailed.<\/em> 2002: Oak Grove Press<\/h3>\n<p><a href=\"http:\/\/lenr-canr.org\/wordpress\/wp-content\/uploads\/2012\/02\/BeaudetteBookSmall.jpg\"><img loading=\"lazy\" decoding=\"async\" class=\"alignleft size-full wp-image-439\" title=\"BeaudetteBookSmall\" src=\"http:\/\/lenr-canr.org\/wordpress\/wp-content\/uploads\/2012\/02\/BeaudetteBookSmall.jpg\" alt=\"\" width=\"80\" height=\"115\" \/><\/a>From Amazon: <a href=\"https:\/\/www.amazon.com\/Excess-Heat-Cold-Fusion-Prevailed-ebook\/dp\/B06VTH3TTF\/ref=sr_1_2\" target=\"_blank\" rel=\"noopener noreferrer\">Excess Heat: Why Cold Fusion Research Prevailed<\/a>. Reviews:<\/p>\n<p><em>Excess Heat<\/em>\u00a0is not only a superb record of an extraordinary episode, but is also highly entertaining.<\/p>\n<p><em>Sir Arthur Clarke, CBE.\u00a0Author of 2001: A Space Odyssey<\/em><\/p>\n<p><em>Excess Heat<\/em>\u00a0is a masterful presentation; clearly reasoned and argued.<\/p>\n<p><em>Michael C. H. McKubre.\u00a0Director, Energy Research Center,\u00a0SRI International<\/em><\/p>\n<p><em>Excess Heat<\/em>\u00a0a monumental work of scholarship and a great step to bring this very important new phenomenon into the mainstream of science.<\/p>\n<p><em>&#8211; John O\u2019M. Bockris,\u00a0Distinguished Professor of Chemistry,\u00a0Texas A&amp;M University (Retired 1998)<\/em><\/p>\n<p>Beaudette examines the controversy, and in doing so illuminates both the arguments and methodology. This is a book that has been sorely needed for many years.<\/p>\n<p><em>&#8211; Peter L. Hagelstein,\u00a0Professor of Electrical Engineering, MIT<\/em><\/p>\n<hr width=\"80%\" \/>\n<h3><a name=\"KrivitBook\"><\/a>Krivit, S. and N. Winocur, <em>The Rebirth of Cold Fusion: Real Science, Real Hope, Real Energy.<\/em> 2004: Pacific Oaks Press.<\/h3>\n<p><a href=\"http:\/\/lenr-canr.org\/wordpress\/wp-content\/uploads\/2012\/02\/Krivitbooksmall.jpg\"><img loading=\"lazy\" decoding=\"async\" class=\"alignleft size-full wp-image-441\" title=\"Krivitbooksmall\" src=\"http:\/\/lenr-canr.org\/wordpress\/wp-content\/uploads\/2012\/02\/Krivitbooksmall.jpg\" alt=\"\" width=\"80\" height=\"118\" \/><\/a>From Amazon: <a href=\"https:\/\/www.amazon.com\/Rebirth-Cold-Fusion-Science-Energy\/dp\/0976054582\/ref=sr_1_1\" target=\"_blank\" rel=\"noopener noreferrer\">The Rebirth of Cold Fusion.<\/a>\u00a0This book is out of print. Used copies are available at Amazon.com<\/p>\n<p>Read\u00a0<a href=\"http:\/\/lenr-canr.org\/acrobat\/KrivitStherebirth.pdf\">selected pages<\/a>\u00a0in our library.<\/p>\n<p>&nbsp;<\/p>\n<p>&nbsp;<\/p>\n<hr width=\"80%\" \/>\n<p>Other books by Steve Krivit <em>et al.<\/em>:<\/p>\n<div>\n<h2>Hacking the Atom (Explorations in Nuclear Research Book 1)<\/h2>\n<p><b><i><img loading=\"lazy\" decoding=\"async\" class=\"alignleft wp-image-3165\" src=\"https:\/\/lenr-canr.org\/wordpress\/wp-content\/uploads\/Hacking-the-Atom-Front-Krivit-130.jpg\" alt=\"\" width=\"80\" height=\"120\" \/><\/i><\/b><\/p>\n<p>From Amazon: <a href=\"https:\/\/www.amazon.com\/Hacking-Atom-Explorations-Nuclear-Research-ebook\/dp\/B01MSW5K6P\/ref=sr_1_2\" target=\"_blank\" rel=\"noopener\">Hacking the Atom<\/a>.<\/p>\n<p><b><i>Hacking the Atom,\u00a0<\/i><\/b>written for scientists and non-scientists alike, covers the period from 1990 to 2015 and explains how changes to atomic nuclei can occur with low-energy methods. The book reveals the hidden story of how the science initially and erroneously called &#8220;cold fusion&#8221; continued to progress slowly but incrementally after its near-death in 1989. The book shows that 100 years of chemistry and physics is not wrong but is incomplete and that there is something new and exciting in the physical sciences.<\/p>\n<p>480 pages, 86 illustrations, ISBN-13 978-0-996886451<\/p>\n<\/div>\n<div>\n<h2>Fusion Fiasco (Explorations in Nuclear Research Book 2)<\/h2>\n<p><span style=\"font-family: Arial;\"><b><i><img loading=\"lazy\" decoding=\"async\" class=\"alignleft wp-image-3164\" src=\"https:\/\/lenr-canr.org\/wordpress\/wp-content\/uploads\/Fusion-Fiasco-Front-Krivit-130.jpg\" alt=\"\" width=\"80\" height=\"120\" \/><\/i><\/b><\/span><\/p>\n<p>From Amazon: <a href=\"https:\/\/www.amazon.com\/Fusion-Fiasco-Explorations-Nuclear-Research-ebook\/dp\/B01N2TDWIY\/ref=sr_1_1\" target=\"_blank\" rel=\"noopener\">Fusion Fiasco<\/a>.<\/p>\n<p><b><i>Fusion Fiasco,\u00a0<\/i><\/b>written for scientists and non-scientists alike, covers the period from 1989 to 1990, and tells the most accurate and complete story of the 1989 to 1990 &#8220;cold fusion&#8221; conflict. Relying heavily on archival records, the book documents one of the most divisive scientific controversies in recent history. The book explains why credible experimental LENR research emerged from the erroneous idea of room-temperature fusion, as claimed by Martin Fleischmann and Stanley Pons at the University of Utah.<\/p>\n<p>560 pages, 79 illustrations, ISBN-13 978-0-976054528<\/p>\n<\/div>\n<div>\n<h2>Lost History (Explorations in Nuclear Research Book 3)<\/h2>\n<p><b><i><img loading=\"lazy\" decoding=\"async\" class=\"alignleft wp-image-3166\" src=\"https:\/\/lenr-canr.org\/wordpress\/wp-content\/uploads\/Lost-History-Front-Krivit-130.jpg\" alt=\"\" width=\"80\" height=\"120\" \/><\/i><\/b><\/p>\n<p>From Amazon: <a href=\"https:\/\/www.amazon.com\/Lost-History-Explorations-Nuclear-Research-ebook\/dp\/B01MU2EXDO\/ref=sr_1_3\" target=\"_blank\" rel=\"noopener\">Lost History<\/a>.<\/p>\n<p><b><i>Lost History,\u00a0<\/i><\/b>written for scientists and science historians, covers the period from 1912 to 1927, and explores the story of forgotten transmutation research, a precursor to modern low-energy nuclear reactions (LENR) research. The book tells the story of century-old research that has been absent from the scientific dialogue for a hundred years \u2014 research that is surprisingly similar to events in the modern era.<\/p>\n<p>In the formative years of atomic science in the early 20th century, at the same time that Niels Bohr introduced his model of the atom, and when nuclear science belonged to chemists and physicists alike, some scientists reported inexplicable experimental evidence of elemental transmutations. Papers were published in the top scientific journals of the day, including Physical Review, Science and Nature. Prominent scientists around the world participated in the research. The research was reported in popular newspapers and magazines, such as the New York Times and Scientific American. The book relies heavily on published journal papers.<\/p>\n<p>400 pages, 117 illustrations,\u00a0ISBN-13 978-0-996886413<\/p>\n<\/div>\n<hr width=\"80%\" \/>\n<h3><a name=\"MalloveBook\"><\/a>Mallove, E., <em>Fire From Ice.<\/em> 1991: John Wiley.<\/h3>\n<p><a href=\"http:\/\/lenr-canr.org\/wordpress\/wp-content\/uploads\/2012\/02\/MalloveBookSmall.jpg\"><img loading=\"lazy\" decoding=\"async\" class=\"alignleft size-full wp-image-438\" title=\"MalloveBookSmall\" src=\"http:\/\/lenr-canr.org\/wordpress\/wp-content\/uploads\/2012\/02\/MalloveBookSmall.jpg\" alt=\"\" width=\"80\" height=\"121\" \/><\/a>From Amazon: <a href=\"https:\/\/www.amazon.com\/Fire-Ice-Searching-Behind-Fusion-ebook\/dp\/B06XF7SF16\/ref=sr_1_1\" target=\"_blank\" rel=\"noopener noreferrer\">Fire from Ice: Searching for the Truth Behind the Cold Fusion Furor<\/a><\/p>\n<p>Read\u00a0<a href=\"http:\/\/lenr-canr.org\/acrobat\/MalloveEfirefromic.pdf\">selected pages<\/a>\u00a0in our library.<\/p>\n<p>&nbsp;<\/p>\n<p>&nbsp;<\/p>\n<p>&nbsp;<\/p>\n<hr width=\"80%\" \/>\n<h3><a name=\"MarwanBook\"><\/a>Marwan, J. and S. Krivit, eds. <em>Low-Energy Nuclear Reactions Sourcebook.<\/em> 2008, American Chemical Society.<\/h3>\n<p><a href=\"http:\/\/lenr-canr.org\/wordpress\/wp-content\/uploads\/2012\/02\/MarwanBookSmall.jpg\"><img loading=\"lazy\" decoding=\"async\" class=\"alignleft size-full wp-image-443\" title=\"MarwanBookSmall\" src=\"http:\/\/lenr-canr.org\/wordpress\/wp-content\/uploads\/2012\/02\/MarwanBookSmall.jpg\" alt=\"\" width=\"80\" height=\"106\" \/><\/a>Published by the American Chemical Society:\u00a0<a href=\"http:\/\/pubs.acs.org\/isbn\/9780841269668\" target=\"_blank\" rel=\"noopener noreferrer\">Low-Energy Nuclear Reactions Sourcebook.<\/a><\/p>\n<p>From <a href=\"http:\/\/www.amazon.com\/Low-Energy-Nuclear-Reactions-Sourcebook-Symposium\/dp\/0841269661\" target=\"_blank\" rel=\"noopener noreferrer\">Amazon<\/a>.<\/p>\n<h3>Description<\/h3>\n<p>This book is a summary of selected experimental and theoretical research performed over the last 19 years that gives profound and unambiguous evidence for low energy nuclear reaction (LENR), historically known as cold fusion.<\/p>\n<p>In 1989, the subject was announced with great fanfare, to the chagrin of many people in the science community. However, the significant claim of its discoverers, Martin Fleischmann and Stanley Pons, excess heat without harmful neutron emissions or strong gamma radiation, involving electrochemical cells using heavy water and palladium, has held strong. . . .<\/p>\n<p>420 pages; ISBN13: 978-0-8412-6966-8 ISBN10: 0-8412-6966-1<\/p>\n<hr width=\"80%\" \/>\n<h3><a name=\"MarwanBook2\"><\/a>Marwan, J. and S. Krivit, eds. <em>Low-Energy Nuclear Reactions and New Energy Technologies Sourcebook Volume 2,<\/em> American Chemical Society<\/h3>\n<p><a href=\"http:\/\/lenr-canr.org\/wordpress\/wp-content\/uploads\/2012\/02\/MarwanBook2Small.jpg\"><img loading=\"lazy\" decoding=\"async\" class=\"alignleft size-full wp-image-519\" title=\"MarwanBook2Small\" src=\"http:\/\/lenr-canr.org\/wordpress\/wp-content\/uploads\/2012\/02\/MarwanBook2Small.jpg\" alt=\"\" width=\"80\" height=\"120\" \/><\/a>Published by the American Chemical Society. From Amazon: <a href=\"https:\/\/www.amazon.com\/Low-Energy-Nuclear-Reactions-Sourcebook-Symposium\/dp\/0841269661\" target=\"_blank\" rel=\"noopener noreferrer\">Low-Energy Nuclear Reactions and New Energy Technologies Sourcebook Volume 2<\/a><\/p>\n<h2>Description<\/h2>\n<p>Low-energy nuclear reaction research is unlike thermonuclear fusion research. Many publications report on various LENR methods by which nuclear reactions are produced and demonstrated at room temperature. The experimental methods to demonstrate these phenomena range from the use of gunpowder and laser techniques to the attempt to electrochemically induce nuclear fusion and fission and create significant excess heat within the palladium or nickel metal lattice exposed to a deuterium- or hydrogen-containing solution. . . .<\/p>\n<p>288 pages; ISBN13: 9780841224544<\/p>\n<hr width=\"80%\" \/>\n<h3><a name=\"MizunoBook\"><\/a>Mizuno, T., <em>Nuclear Transmutation: The Reality of Cold Fusion.<\/em> 1998: Infinite Energy Press.<\/h3>\n<p><a href=\"http:\/\/lenr-canr.org\/wordpress\/wp-content\/uploads\/2012\/02\/MizunoBookSmall.jpg\"><img loading=\"lazy\" decoding=\"async\" class=\"alignleft size-full wp-image-442\" title=\"MizunoBookSmall\" src=\"http:\/\/lenr-canr.org\/wordpress\/wp-content\/uploads\/2012\/02\/MizunoBookSmall.jpg\" alt=\"\" width=\"80\" height=\"117\" \/><\/a>From Amazon: <a href=\"https:\/\/www.amazon.com\/Nuclear-Transmutation-Reality-Cold-Fusion\/dp\/1892925001\/ref=sr_1_1\" target=\"_blank\" rel=\"noopener noreferrer\">Nuclear Transmutation: The Reality of Cold Fusion<strong><br \/>\n<\/strong><\/a><\/p>\n<p>Direct from Infinite Energy magazine:\u00a0<a href=\"https:\/\/www.mv.com\/ipusers\/zeropoint\/secure\/FORMS\/onlinestore.html\">here<\/a><\/p>\n<p>Read\u00a0<a href=\"http:\/\/lenr-canr.org\/acrobat\/MizunoTnucleartra.pdf\">selected pages<\/a>\u00a0in our library.<\/p>\n<hr width=\"80%\" \/>\n<h3><a name=\"RothwellBook\"><\/a>Rothwell, J., <em>Cold Fusion And The Future.<\/em> 2004: LENR-CANR.org<\/h3>\n<p><a href=\"http:\/\/lenr-canr.org\/wordpress\/wp-content\/uploads\/2012\/02\/RothwellBookSmall.jpg\"><img loading=\"lazy\" decoding=\"async\" class=\"alignleft size-full wp-image-444\" title=\"RothwellBookSmall\" src=\"http:\/\/lenr-canr.org\/wordpress\/wp-content\/uploads\/2012\/02\/RothwellBookSmall.jpg\" alt=\"\" width=\"80\" height=\"110\" \/><\/a>The <a href=\"http:\/\/lenr-canr.org\/acrobat\/RothwellJcoldfusiona.pdf\">full text of this book is here<\/a>.<\/p>\n<p>Editions in\u00a0<a href=\"http:\/\/lenr-canr.org\/acrobat\/RothwellJafusoafrio.pdf\">Brazilian Portuguese<\/a>\u00a0and\u00a0<a href=\"http:\/\/lenr-canr.org\/acrobat\/RothwellJmiraiokizu.pdf\">Japanese<\/a>\u00a0are also available, as well as a version with <a href=\"http:\/\/lenr-canr.org\/ColdFusionAndTheFuturehires.pdf\">high resolution images<\/a>.<\/p>\n<p>The reality of cold fusion is growing and has spawned a series of books that describe the phenomena in ways a general reader can appreciate. This is the latest entry. It shows how this controversial energy source might change our future. The book describes how many nightmare problems that seem beyond any present solution, such as global warming, invasive species, and providing clean drinking water and sanitation to billions of poor people, may be remedied with cold fusion combined with other technologies. The future might be better than you think.<\/p>\n<p>This book includes a layman&#8217;s introduction to the field, and a glossary of technical terms that often appear in\u00a0cold fusion papers.<\/p>\n<p>&#8220;. . . [A] really marvelous job. The breadth is wonderful. Setting cold fusion in the broader context is very important.&#8221; &#8211;\u00a0<a href=\"http:\/\/www.seas.gwu.edu\/david-j-nagel\">David J. Nagle<\/a>, Professor of Engineering and Applied Science, The George Washington University<\/p>\n<p>&#8220;I thought your book on cold fusion and the future to be a remarkable document. I read it straight through on receipt.&#8221; &#8211; John O&#8217;M. Bockris, Professor of Chemistry, Texas A&amp;M University (1978-1997), Distinguished Professor (1980-1997)<\/p>\n<p>&#8220;Thanks! Can you recommend a reliable Mind De-boggler?&#8221; &#8211; Arthur C. Clarke<\/p>\n<h2>Japanese edition<\/h2>\n<p>Here is <a href=\"http:\/\/lenr-canr.org\/acrobat\/RothwellJmiraiokizu.pdf\">the Japanese edition<\/a>.<\/p>\n<p>\u300c\u672a\u6765\u3092\u7bc9\u304f\u5e38\u6e29\u6838\u878d\u5408\u300d\u30b8\u30a7\u30c8\u30fb\u30ed\u30b9\u30a6\u30a7\u30eb\u3002 \u65e5\u672c\u8a9e\u8a33\u3092\u8aad\u307f\u305f\u3044\u65b9\u306f<a href=\"http:\/\/lenr-canr.org\/acrobat\/RothwellJmiraiokizu.pdf\">\u3053\u3053\u3092\u30af\u30ea\u30c3\u30af<\/a>\u3057\u3066\u4e0b\u3055\u3044\u3002192\u30da\u30fc\u30b8\u3042\u308a\u307e\u3059\u306e\u3067\u30c0\u30a6\u30f3\u30ed\u30fc\u30c9\u3059\u308b\u306e\u306b\u5c11\u3005\u6642\u9593\u304c\u304b\u304b\u308a\u307e\u3059\u3002\u3053\u306e\u672c\u306b\u306f\u8457\u4f5c\u6a29\u306f\u3042\u308a\u307e\u305b\u3093\u3002\u81ea\u7531\u306b\u30b3\u30d4\u30fc\u3057\u3066\u4e0b\u3055\u3044\u3002<\/p>\n<p>\u30b8\u30e7\u30fc\u30b8\u30fb\u30ef\u30b7\u30f3\u30c8\u30f3\u5927\u5b66\u30c7\u30a3\u30d3\u30c3\u30c9\u30fb\u30cd\u30a4\u30b4\u30eb\u6559\u6388\u3001\u5143\u30c6\u30ad\u30b5\u30b9A&amp;M\u5927\u5b66\u30b8\u30e7\u30f3\u30fb\u30dc\u30af\u30ea\u30b9\u6559\u6388\u3001\u4e26\u3073\u306b\u4f5c\u5bb6\u30a2\u30fc\u30b5\u30fc\u30fbC\u30fb\u30af\u30e9\u30fc\u30af\u304c\u3053\u306e\u672c\u3092\u63a8\u85a6\u3057\u3066\u3044\u307e\u3059\u3002<\/p>\n<h2>Brazilian Portuguese edition<\/h2>\n<p>Here is the <a href=\"http:\/\/lenr-canr.org\/acrobat\/RothwellJafusoafrio.pdf\">edition in Brazilian Portuguese<\/a>.\u00a0O livro &#8220;A Fus\u00e3o a o Frio e o Futuro&#8221; traduzido ao portugu\u00eas brasileiro por Sergio Bacchi. Uma vis\u00e3o das aplica\u00e7\u00f5es poss\u00edveis da fus\u00e3o a frio do hidrog\u00eanio pesado. Um livro com muita imagina\u00e7\u00e3o e humanidade.<\/p>\n<hr width=\"80%\" \/>\n<h3><a name=\"StormsBook\"><\/a>Storms, E., <em>The Science Of Low Energy Nuclear Reaction.<\/em> 2007: World Scientific Publishing Company.<\/h3>\n<p><a href=\"http:\/\/lenr-canr.org\/wordpress\/wp-content\/uploads\/2012\/02\/StormsBookSmall.jpg\"><img loading=\"lazy\" decoding=\"async\" class=\"alignleft size-full wp-image-440\" title=\"StormsBookSmall\" src=\"http:\/\/lenr-canr.org\/wordpress\/wp-content\/uploads\/2012\/02\/StormsBookSmall.jpg\" alt=\"\" width=\"80\" height=\"117\" \/><\/a>From Amazon: <a href=\"https:\/\/www.amazon.com\/Science-Energy-Nuclear-Reaction-Comprehensive\/dp\/B00OM2SRKC\/ref=sr_1_2\" target=\"_blank\" rel=\"noopener noreferrer\">The Science of Low Energy Nuclear Reactions<\/a><\/p>\n<p>An <a href=\"http:\/\/www.worldscientific.com\/worldscibooks\/10.1142\/6425\" target=\"_blank\" rel=\"noopener noreferrer\">electronic edition is here<\/a>.\u00a0Read\u00a0<a href=\"http:\/\/lenr-canr.org\/acrobat\/StormsEthescience.pdf\">selected pages<\/a>\u00a0in our library. John Rudesill interviewed Storms and the two of them discussed the book\u00a0<a href=\"http:\/\/lenr-canr.org\/acrobat\/RudesillJanintervie.pdf\">here<\/a>. Prof. George Miles (U. Illinois) reviewed the book\u00a0<a href=\"http:\/\/lenr-canr.org\/acrobat\/MileyGHafascinati.pdf\">here<\/a>.<\/p>\n<p>From the back cover: &#8220;One of the most important discoveries of this century \u2014 cold fusion \u2014 was summarily rejected by science and the media before sufficient evidence had been accumulated to make a rational judgment possible. Enough evidence is now available to show that this rejection was wrong and that the discovery of a new source of clean energy may help solve some serious problems currently facing mankind. The book catalogues and evaluates this evidence and shows why the initial reaction was driven more by self-interest than fact. This book is essential reading for anyone who wants to understand the history and science behind the cold fusion controversy. In addition to the technological importance of the effect, the discovery of new ways to initiate nuclear reactions without producing significant radiation reveals an entirely new mechanism operating at the nuclear level in solid material. This new mechanism has important implications for an understanding of many other phenomena.&#8221;<\/p>\n<h3>Storms, E., The Explanation of Low Energy Nuclear Reaction: An examination of the Relationship Between Observation and Explanation<\/h3>\n<p><a href=\"http:\/\/lenr-canr.org\/wordpress\/wp-content\/uploads\/StormsBook2Small.jpg\"><img loading=\"lazy\" decoding=\"async\" class=\"alignleft size-thumbnail wp-image-1662\" src=\"http:\/\/lenr-canr.org\/wordpress\/wp-content\/uploads\/StormsBook2Small-100x150.jpg\" alt=\"StormsBook2Small\" width=\"100\" height=\"150\" srcset=\"https:\/\/lenr-canr.org\/wordpress\/wp-content\/uploads\/StormsBook2Small-100x150.jpg 100w, https:\/\/lenr-canr.org\/wordpress\/wp-content\/uploads\/StormsBook2Small.jpg 166w\" sizes=\"auto, (max-width: 100px) 100vw, 100px\" \/><\/a>From Amazon: <a href=\"http:\/\/www.amazon.com\/gp\/product\/B00OQHO4N2\/ref=s9_simh_bw_p351_d9_i1\" target=\"_blank\" rel=\"noopener noreferrer\">The Explanation of Low Energy Nuclear Reaction<\/a><\/p>\n<p>The author&#8217;s first book, The Science of Low Energy Nuclear Reaction, surveyed the observational data generated by LENR experiments, showing a real phenomena from which useful, clean energy can be obtained. Since its discovery in 1989, explanations of the anomalous effect have multiplied, without any one being generally accepted or providing useful guidance in developing a technology. The Explanation of Low Energy Nuclear Reaction explores conflicts within the various popular LENR theories and proposes ways to correct these conflicts. A summary of published observations that need to be explained is also included. This book is essential reading for anyone who strives to create a commercial source of energy using LENR and is interested in how this challenging nuclear process works.<\/p>\n<h3>Video Lecture<\/h3>\n<p>The author also presented a video lecture, &#8220;How to Cause Low Energy Nuclear Reactions (LENR),&#8221; recorded December 2008. See:<\/p>\n<p><a href=\"http:\/\/www.youtube.com\/view_play_list?p=3B79262131CA1BCF\">http:\/\/www.youtube.com\/view_play_list?p=3B79262131CA1BCF<\/a><\/p>\n<p>The\u00a0<a href=\"http:\/\/lenr-canr.org\/acrobat\/StormsEhowtocausea.pdf\" target=\"_blank\" rel=\"noopener noreferrer\">PowerPoint slides for the lecture\u00a0are\u00a0here<\/a>. It is easier to read these full-sized slides than it is to read the ones in the video.<\/p>\n<hr width=\"80%\" \/>\n<h3>Cold Fusion: Fire from Water (video documentary)<\/h3>\n<p><a href=\"http:\/\/lenr-canr.org\/wordpress\/wp-content\/uploads\/2012\/02\/Firewater.jpg\"><img loading=\"lazy\" decoding=\"async\" class=\"alignleft size-full wp-image-412\" title=\"Firewater\" src=\"http:\/\/lenr-canr.org\/wordpress\/wp-content\/uploads\/2012\/02\/Firewater.jpg\" alt=\"\" width=\"98\" height=\"140\" \/><\/a>This fascinating documentary, narrated by James &#8220;Scotty&#8221; Doohan of &#8220;Star Trek&#8221; fame, details the events following the 1989 cold fusion announcement made by Pons and Fleischmann. Learn about the backlash which followed, but discover that hundreds of scientists are diligently working in the field to bring forth the water fuel age.<\/p>\n<p>In DVD format from Amazon.com\u00a0<a href=\"http:\/\/www.amazon.com\/Cold-Fusion-Water-James-Doohan\/dp\/B0007TKNWY\">here<\/a>.<\/p>\n<p>A 30-minute edited version of this video is available <a href=\"https:\/\/www.youtube.com\/watch?v=tZae1KCLdOY\" target=\"_blank\" rel=\"noopener noreferrer\">for free at YouTube<\/a>.<\/p>\n","protected":false},"excerpt":{"rendered":"<p>Beaudette, C.G., Excess Heat: Why Cold Fusion Research Prevailed. 2002: Oak Grove Press From Amazon: Excess Heat: Why Cold Fusion Research Prevailed. Reviews: Excess Heat\u00a0is not only a superb record of an extraordinary episode, but is also highly entertaining. Sir Arthur Clarke, CBE.\u00a0Author of 2001: A Space Odyssey Excess Heat\u00a0is a masterful presentation; clearly reasoned [&hellip;]<\/p>\n","protected":false},"author":2,"featured_media":0,"parent":263,"menu_order":12,"comment_status":"closed","ping_status":"closed","template":"","meta":{"footnotes":""},"class_list":["post-506","page","type-page","status-publish","hentry","entry"],"_links":{"self":[{"href":"https:\/\/lenr-canr.org\/wordpress\/index.php?rest_route=\/wp\/v2\/pages\/506","targetHints":{"allow":["GET"]}}],"collection":[{"href":"https:\/\/lenr-canr.org\/wordpress\/index.php?rest_route=\/wp\/v2\/pages"}],"about":[{"href":"https:\/\/lenr-canr.org\/wordpress\/index.php?rest_route=\/wp\/v2\/types\/page"}],"author":[{"embeddable":true,"href":"https:\/\/lenr-canr.org\/wordpress\/index.php?rest_route=\/wp\/v2\/users\/2"}],"replies":[{"embeddable":true,"href":"https:\/\/lenr-canr.org\/wordpress\/index.php?rest_route=%2Fwp%2Fv2%2Fcomments&post=506"}],"version-history":[{"count":0,"href":"https:\/\/lenr-canr.org\/wordpress\/index.php?rest_route=\/wp\/v2\/pages\/506\/revisions"}],"up":[{"embeddable":true,"href":"https:\/\/lenr-canr.org\/wordpress\/index.php?rest_route=\/wp\/v2\/pages\/263"}],"wp:attachment":[{"href":"https:\/\/lenr-canr.org\/wordpress\/index.php?rest_route=%2Fwp%2Fv2%2Fmedia&parent=506"}],"curies":[{"name":"wp","href":"https:\/\/api.w.org\/{rel}","templated":true}]}}